{"id":108,"date":"2026-04-24T09:02:21","date_gmt":"2026-04-24T07:02:21","guid":{"rendered":"https:\/\/jasmin.ict-stage.ch\/?page_id=108"},"modified":"2026-05-07T07:58:35","modified_gmt":"2026-05-07T05:58:35","slug":"kulinarik","status":"publish","type":"page","link":"https:\/\/jasmin.ict-stage.ch\/index.php\/kulinarik\/","title":{"rendered":"Kulinarik"},"content":{"rendered":"<div class=\"et_pb_section_0 et_pb_section et_section_regular et_flex_section et_pb_section_parallax preset--module--divi-section--2e2yk48xfa\"><span class=\"et-pb-parallax-wrapper\"><span class=\"et-pb-parallax-background et-pb-parallax-background-module--divi-section-0\" style=\"background-image:url(https:\/\/jasmin.ict-stage.ch\/wp-content\/uploads\/2026\/05\/Zugeschnitten-Titel_NOR_23.jpg);background-color:rgba(0, 0, 0, 0.4);background-blend-mode:darken\"><\/span><\/span>\n<div class=\"et_pb_row_0 et_pb_row et_flex_row\">\n<div class=\"et_pb_column_0 et_pb_column et-last-child et_flex_column et_pb_css_mix_blend_mode_passthrough et_flex_column_24_24 et_flex_column_24_24_tablet et_flex_column_24_24_phone\">\n<div class=\"et_pb_text_0 et_pb_text et_pb_bg_layout_light et_pb_module et_flex_module preset--module--divi-text--8avw7viqy4\"><div class=\"et_pb_text_inner\"><h1>Nordische K\u00fcche -<br \/>ein Fest f\u00fcr die <br \/>Sinne<\/h1>\n<\/div><\/div>\n<\/div>\n<\/div>\n<\/div>\n\n<div class=\"et_pb_section_1 et_pb_section et_section_regular et_flex_section section_has_divider et_pb_top_divider\"><div class=\"et_pb_top_inside_divider et-no-transition\"><\/div>\n<div class=\"et_pb_row_1 et_pb_row et_flex_row\">\n<div class=\"et_pb_column_1 et_pb_column et_flex_column et_pb_css_mix_blend_mode_passthrough et_flex_column_12_24 et_flex_column_12_24_tablet et_flex_column_24_24_phone\">\n<div class=\"et_pb_text_1 et_pb_text et_pb_bg_layout_light et_pb_module et_flex_module\"><div class=\"et_pb_text_inner\"><p>Frisch, einfach und unvergesslich lecker: Die norwegische K\u00fcche besticht durch ihre Einfachheit und die Qualit\u00e4t der regionalen Zutaten. <br \/>Geniessen Sie fangfrischen Fisch, k\u00f6stliche Meeresfr\u00fcchte und traditionelle Gerichte wie \"R\u00f8mmegr\u00f8t\" oder \"Klippfisk\". Lernen Sie die Geheimnisse der nordischen K\u00fcche kennen, besuchen Sie gem\u00fctliche Fischrestaurants an der K\u00fcste oder probieren Sie Streetfood in den lebendigen St\u00e4dten. F\u00fcr jeden Geschmack ist etwas dabei \u2013 lassen Sie sich \u00fcberraschen!\u00a0<\/p>\n<\/div><\/div>\n<\/div>\n\n<div class=\"et_pb_column_2 et_pb_column et-last-child et_flex_column et_pb_css_mix_blend_mode_passthrough et_flex_column_12_24 et_flex_column_12_24_tablet et_flex_column_24_24_phone\">\n<div class=\"et_pb_image_0 et_pb_image et_pb_module et_flex_module\"><span class=\"et_pb_image_wrap\"><img loading=\"lazy\" decoding=\"async\" src=\"https:\/\/jasmin.ict-stage.ch\/wp-content\/uploads\/2026\/04\/NOR_64.jpg\" title=\"NOR_64\" width=\"1500\" height=\"1000\" srcset=\"https:\/\/jasmin.ict-stage.ch\/wp-content\/uploads\/2026\/04\/NOR_64.jpg 1500w\" sizes=\"(max-width: 1500px) 100vw, 1500px\" class=\"wp-image-83\" \/><\/span><\/div>\n<\/div>\n<\/div>\n\n<div class=\"et_pb_row_2 et_pb_row et_flex_row\">\n<div class=\"et_pb_column_3 et_pb_column et_flex_column et_pb_css_mix_blend_mode_passthrough et_flex_column_12_24 et_flex_column_12_24_tablet et_flex_column_24_24_phone\">\n<div class=\"et_pb_image_1 et_pb_image et_pb_module et_flex_module\"><span class=\"et_pb_image_wrap\"><img loading=\"lazy\" decoding=\"async\" src=\"https:\/\/jasmin.ict-stage.ch\/wp-content\/uploads\/2026\/05\/Zugeschnitten_NOR_51.jpg\" title=\"Zugeschnitten_NOR_51\" width=\"1500\" height=\"1810\" srcset=\"https:\/\/jasmin.ict-stage.ch\/wp-content\/uploads\/2026\/05\/Zugeschnitten_NOR_51.jpg 1500w, https:\/\/jasmin.ict-stage.ch\/wp-content\/uploads\/2026\/05\/Zugeschnitten_NOR_51-1280x1545.jpg 1280w, https:\/\/jasmin.ict-stage.ch\/wp-content\/uploads\/2026\/05\/Zugeschnitten_NOR_51-980x1183.jpg 980w, https:\/\/jasmin.ict-stage.ch\/wp-content\/uploads\/2026\/05\/Zugeschnitten_NOR_51-480x579.jpg 480w\" sizes=\"(min-width: 0px) and (max-width: 480px) 480px, (min-width: 481px) and (max-width: 980px) 980px, (min-width: 981px) and (max-width: 1280px) 1280px, (min-width: 1281px) 1500px, 100vw\" class=\"wp-image-189\" \/><\/span><\/div>\n<\/div>\n\n<div class=\"et_pb_column_4 et_pb_column et-last-child et_flex_column et_pb_css_mix_blend_mode_passthrough et_flex_column_12_24 et_flex_column_12_24_tablet et_flex_column_24_24_phone\">\n<div class=\"et_pb_text_2 et_pb_text et_pb_bg_layout_light et_pb_module et_flex_module\"><div class=\"et_pb_text_inner\"><p>Frisch, einfach und unvergesslich lecker: Die norwegische K\u00fcche besticht durch ihre Einfachheit und die Qualit\u00e4t der regionalen Zutaten. <br \/>Geniessen Sie fangfrischen Fisch, k\u00f6stliche Meeresfr\u00fcchte und traditionelle Gerichte wie \"R\u00f8mmegr\u00f8t\" oder \"Klippfisk\". Lernen Sie die Geheimnisse der nordischen K\u00fcche kennen, besuchen Sie gem\u00fctliche Fischrestaurants an der K\u00fcste oder probieren Sie Streetfood in den lebendigen St\u00e4dten. F\u00fcr jeden Geschmack ist etwas dabei \u2013 lassen Sie sich \u00fcberraschen!\u00a0<\/p>\n<\/div><\/div>\n<\/div>\n<\/div>\n<\/div>","protected":false},"excerpt":{"rendered":"","protected":false},"author":1,"featured_media":0,"parent":0,"menu_order":0,"comment_status":"closed","ping_status":"closed","template":"","meta":{"footnotes":""},"class_list":["post-108","page","type-page","status-publish","hentry"],"_links":{"self":[{"href":"https:\/\/jasmin.ict-stage.ch\/index.php\/wp-json\/wp\/v2\/pages\/108","targetHints":{"allow":["GET"]}}],"collection":[{"href":"https:\/\/jasmin.ict-stage.ch\/index.php\/wp-json\/wp\/v2\/pages"}],"about":[{"href":"https:\/\/jasmin.ict-stage.ch\/index.php\/wp-json\/wp\/v2\/types\/page"}],"author":[{"embeddable":true,"href":"https:\/\/jasmin.ict-stage.ch\/index.php\/wp-json\/wp\/v2\/users\/1"}],"replies":[{"embeddable":true,"href":"https:\/\/jasmin.ict-stage.ch\/index.php\/wp-json\/wp\/v2\/comments?post=108"}],"version-history":[{"count":13,"href":"https:\/\/jasmin.ict-stage.ch\/index.php\/wp-json\/wp\/v2\/pages\/108\/revisions"}],"predecessor-version":[{"id":343,"href":"https:\/\/jasmin.ict-stage.ch\/index.php\/wp-json\/wp\/v2\/pages\/108\/revisions\/343"}],"wp:attachment":[{"href":"https:\/\/jasmin.ict-stage.ch\/index.php\/wp-json\/wp\/v2\/media?parent=108"}],"curies":[{"name":"wp","href":"https:\/\/api.w.org\/{rel}","templated":true}]}}